on factor of 8055 and 3486025?
895
Calculate the highest common factor of 2 and 414246.
2
What is the greatest common divisor of 9460 and 3212?
44
Calculate the greatest common divisor of 48 and 183680.
16
Calculate the greatest common divisor of 176 and 14806.
22
What is the highest common divisor of 461 and 1202749?
461
What is the highest common factor of 951 and 15533?
317
What is the greatest common divisor of 156170 and 194?
194
What is the greatest common factor of 64 and 675?
1
Calculate the highest common divisor of 2123573 and 133.
19
What is the highest common divisor of 1456 and 9072?
112
Calculate the greatest common factor of 85 and 345.
5
Calculate the highest common divisor of 31926 and 3.
3
Calculate the greatest common divisor of 308112 and 42.
42
Calculate the highest common divisor of 35266 and 44.
22
Calculate the highest common factor of 495 and 166914.
99
Calculate the greatest common factor of 65736 and 6666.
66
Calculate the greatest common factor of 352304 and 32.
16
What is the greatest common factor of 19248 and 43536?
48
Calculate the greatest common factor of 2653 and 2884.
7
Calculate the greatest common divisor of 308313 and 9234.
513
What is the highest common divisor of 1157 and 3649?
89
Calculate the greatest common divisor of 176 and 63184.
176
What is the greatest common divisor of 81936 and 192?
48
What is the highest common factor of 245 and 282485?
245
Calculate the greatest common divisor of 5482 and 60.
2
What is the greatest common factor of 177837 and 317?
317
What is the highest common factor of 7647530 and 20?
10
What is the greatest common factor of 2745260 and 20?
20
Calculate the greatest common factor of 12832 and 401.
401
What is the greatest common divisor of 5649 and 21?
21
Calculate the highest common factor of 376488 and 11039.
581
Calculate the highest common divisor of 10895 and 815.
5
Calculate the greatest common factor of 1443 and 1794.
39
What is the greatest common divisor of 736 and 1374296?
184
What is the greatest common divisor of 16 and 369424?
16
What is the highest common divisor of 2747 and 69249?
41
Calculate the greatest common divisor of 12 and 824196.
12
Calculate the highest common factor of 58 and 51098.
58
What is the greatest common divisor of 6 and 12986?
2
Calculate the greatest common factor of 906363 and 27.
27
Calculate the highest common divisor of 6899115 and 30.
15
Calculate the greatest common divisor of 103044 and 124.
124
What is the greatest common divisor of 790668 and 27?
27
Calculate the highest common divisor of 1 and 314227.
1
Calculate the highest common factor of 252 and 264663.
63
Calculate the greatest common divisor of 372 and 8136.
12
What is the highest common divisor of 2523 and 8?
1
Calculate the highest common factor of 620151 and 21.
21
What is the greatest common divisor of 284560 and 20?
20
What is the greatest common factor of 204258 and 19824?
354
Calculate the greatest common divisor of 69 and 55890.
69
What is the greatest common factor of 325 and 10465?
65
Calculate the highest common factor of 115841 and 33.
11
Calculate the highest common factor of 62 and 2181098.
62
What is the highest common divisor of 28653342 and 433?
433
What is the highest common divisor of 163589 and 928?
29
What is the greatest common divisor of 32435 and 16185?
65
Calculate the highest common factor of 2100 and 8036000.
700
Calculate the highest common divisor of 1169 and 413.
7
What is the greatest common factor of 68228 and 296?
148
What is the highest common divisor of 95147 and 563?
563
What is the highest common factor of 505007 and 1434?
239
Calculate the greatest common factor of 159648 and 192.
96
Calculate the greatest common divisor of 3267 and 243331.
121
What is the greatest common divisor of 3000 and 2753250?
750
Calculate the greatest common factor of 10112 and 2449.
79
Calculate the greatest common divisor of 76 and 7105734.
38
Calculate the highest common divisor of 218694 and 42189.
861
What is the highest common divisor of 7180 and 171961?
359
What is the greatest common divisor of 2925 and 754?
13
Calculate the greatest common divisor of 41571 and 8091.
279
Calculate the greatest common factor of 74113 and 26.
13
Calculate the greatest common factor of 65041 and 2696.
337
What is the greatest common factor of 43 and 153983?
43
Calculate the greatest common factor of 896 and 447616.
128
What is the highest common divisor of 81 and 4077459?
81
Calculate the greatest common factor of 90700 and 75.
25
Calculate the highest common factor of 2241 and 1117761.
249
What is the highest common factor of 126585 and 1261?
97
What is the greatest common divisor of 940 and 830?
10
What is the highest common factor of 130 and 106938?
26
Calculate the greatest common divisor of 6723 and 26811.
81
What is the highest common factor of 1345 and 20?
5
Calculate the highest common divisor of 1 and 6874.
1
What is the highest common divisor of 14 and 6211198?
14
What is the highest common factor of 106 and 64501?
53
What is the greatest common factor of 7301141 and 778?
389
Calculate the highest common factor of 70 and 471310.
70
What is the greatest common divisor of 110568 and 1224?
408
What is the highest common divisor of 686 and 620536?
98
Calculate the greatest common divisor of 3436 and 344.
4
What is the greatest common factor of 314820 and 1296?
108
Calculate the greatest common divisor of 27293 and 6419.
49
Calculate the greatest common divisor of 242953 and 1346.
673
What is the highest common divisor of 305015 and 1325?
265
Calculate the highest common divisor of 1192 and 400.
8
What is the highest common divisor of 166190 and 10?
10
What is the greatest common factor of 50388 and 1248?
156
What is the highest common divisor of 73909 and 187?
11
What is the highest common factor of 798 and 967974?
798
What is the greatest common divisor of 317030 and 80?
10
Calculate the greatest common factor of 115 and 6394.
23
What is the greatest common factor of 1738 and 268521?
869
What is the greatest common divisor of 18 and 216090?
18
Calculate the highest common factor of 245549 and 106.
53
Calculate the highest common factor of 526708 and 1820.
364
Calculate the greatest common factor of 1040026 and 507.
169
What is the greatest common factor of 60 and 1876220?
20
What is the highest common divisor of 126 and 2325918?
42
Calculate the highest common divisor of 843008 and 518.
74
What is the greatest common divisor of 374 and 76?
2
Calculate the highest common factor of 82 and 46166.
82
What is the highest common factor of 11064 and 344?
8
What is the highest common factor of 179 and 654961?
179
What is the highest common factor of 1096 and 13263792?
1096
Calculate the highest common divisor of 15424 and 122669.
241
What is the greatest common divisor of 1053 and 6201?
117
Calculate the highest common factor of 7620 and 24264.
12
What is the highest common factor of 3951 and 771?
3
What is the greatest common factor of 12 and 120812?
4
What is the greatest common divisor of 130475 and 3200?
25
What is the highest common divisor of 88 and 11009416?
88
What is the greatest common factor of 14396 and 4?
4
Calculate the highest common divisor of 20 and 1589860.
20
Calculate the greatest common divisor of 2 and 2514682.
2
What is the highest common factor of 311459 and 293?
293
What is the highest common divisor of 64 and 736256?
64
What is the highest common divisor of 26595 and 60?
15
What is the highest common divisor of 137720 and 66?
22
Calculate the greatest common divisor of 412506 and 540.
54
What is the greatest common divisor of 32 and 97616?
16
What is the highest common factor of 270 and 1240245?
135
Calculate the greatest common factor of 6994526 and 14.
14
Calculate the greatest common factor of 296 and 8436.
148
What is the greatest common divisor of 5059564 and 328?
164
What is the greatest common factor of 86645 and 301?
43
What is the greatest common factor of 546320 and 10?
10
What is the greatest common divisor of 759530 and 110?
10
What is the greatest common divisor of 297 and 6021?
27
What is the highest common divisor of 172 and 237403?
43
Calculate the highest common divisor of 2252302 and 234.
26
What is the highest common fact